{"id":135,"date":"2014-05-06T11:59:04","date_gmt":"2014-05-06T10:59:04","guid":{"rendered":"http:\/\/wordpress.ubi.pt\/marioraposo\/?page_id=135"},"modified":"2020-07-10T15:50:14","modified_gmt":"2020-07-10T14:50:14","slug":"projetos-de-investigacao","status":"publish","type":"page","link":"https:\/\/marioraposo.ubi.pt\/?page_id=135","title":{"rendered":"Projetos de investiga\u00e7\u00e3o"},"content":{"rendered":"<p><strong>Projeto ALL-BIO. ERASMUS+ Project KA2<\/strong>: Cooperation for innovation and the exchange of good practices &#8211; Knowledge Alliances.<\/p>\n<p style=\"text-align: justify\">Project Number: 600936-EPP-1-2018-1-PT-EPPKA2-KA (2019 \u2013 2021). O projeto BIO-ALL \u00e9 financiado na reflex\u00e3o sobre instrumentos de desenvolvimento de compet\u00eancias empreendedoras que n\u00e3o s\u00e3o efetivamente estruturados e inseridos nos curr\u00edculos de ensino de escolas e universidades, embora sejam especialmente necess\u00e1rios em setores onde empreendedores e empresas encontram mais obst\u00e1culos para acelerar a comercializa\u00e7\u00e3o, como as ind\u00fastrias relacionadas \u00e0 biotecnologia e \u00e0 sa\u00fade. O cons\u00f3rcio do projeto BIO-ALL \u00e9 composto por 13 parceiros, de quatro pa\u00edses: Portugal, Espanha, It\u00e1lia e Holanda. Est\u00e1 estruturado com entidades de compet\u00eancias diferentes e complementares, juntando institui\u00e7\u00f5es de Ensino Superior e parceiros empresariais com diferentes origens, envolvidos em \u00e1reas com uma interven\u00e7\u00e3o espec\u00edfica nos setores de bio e sa\u00fade.<\/p>\n<p style=\"text-align: justify\"><strong>Projeto SPRING &#8211;<\/strong> Succession Planning and Regeneration In Family Businesses for New Growth through an innovative training programme. Project number: 601117-EPP-1- 2018-1-IT-EPPKA2-KA (2019 &#8211; 2021). O projeto SPRING visa ajudar as empresas familiares da Uni\u00e3o Europeia a realizar o seu potencial, oferecendo-lhes um leque completo com uma forma\u00e7\u00e3o, orienta\u00e7\u00e3o, apoio e orienta\u00e7\u00e3o necess\u00e1rios nas diferentes \u00e1reas de gest\u00e3o. O projeto SPRING foi concebido para capitalizar os conhecimentos, capacidades e compet\u00eancias multidisciplinares dos seus parceiros, criando uma abordagem inovadora no apoio \u00e0s empresas familiares. \u00c8 um cons\u00f3rcio composto por 11 parceiros de nove pa\u00edses da UE (It\u00e1lia, Portugal, Espanha, Reino Unido, Alemanha, Chipre, Malta, B\u00e9lgica, Fran\u00e7a). Equipa UBI- NECE: M\u00e1rio Raposo (Coordeandor), Arminda do Pa\u00e7o, Cristina Fernandes, Helena Alves e Jo\u00e3o Ferreira. https:\/\/www.euspring.eu\/<\/p>\n<p style=\"text-align: justify\"><strong>Projeto ARTISAN<\/strong> &#8211; AspiRing enTrepreneurIaI families to perpetuate cultural buSiness Across geNerations, ERASMUS+ Project (2016-2018). O projeto ARTISAN tem como objetivo principal desenvolver um programa de empreendedorismo inovador para os familiares em empresas familiares de artesanato e agro-turismo. Apoiar a continua\u00e7\u00e3o e o crescimento dos neg\u00f3cios de artes\u00e3os e agro-turismo atrav\u00e9s do aprimoramento das habilidades empreendedoras e do potencial familiar. O projeto ARTISAN envolve 7 parceiros de diversos pa\u00edses da Europa: Universidade da Beira Interior (Portugal), GrantXpert Consulting Ltd e UCLan Cyprus (Chipre), Universidad de Castilla-La Mancha (Espanha), ISOB Institut f\u00fcr sozialwissenschaftliche Beratung Gmbh (Alemanha), EDHEC Business School (Fran\u00e7a) e Universita Degli Studi di Palermo (It\u00e1lia). Equipa: Helena Alves, Arminda do Pa\u00e7o, M\u00e1rio Raposo, Jo\u00e3o Ferreira. Equipa UBI-NECE: Helena Alves (Coordenadora), Arminda do Pa\u00e7o, Jo\u00e3o Ferreira e M\u00e1rio Raposo. https:\/\/www.euartisan.eu\/ Curriculum Vitae: Jo\u00e3o J. Ferreira 62<\/p>\n<p style=\"text-align: justify\"><strong>Hacker Fighter &#8211; Game-based approach to fight piracy and counterfeiting&#8221;<\/strong> O projeto Hacker Fighter pretende desenvolver o jogo HFighter. O objetivo do jogo \u00e9 contribuir para a melhoria dos conhecimentos sobre a propriedade intelectual (IP) e os direitos de propriedade intelectual (DPI) em pessoas jovens atrav\u00e9s de um fun-to-play e jogo m\u00f3vel livre, simultaneamente educativa. O jogo foi desenvolvido pela Universidade da Beira Interior (UBI) com o apoio do Instituto Europeu de Uni\u00e3o da Propriedade Intelectual. O projeto teve inicio em 01\/09\/2015 e termina em 31\/10\/2016.<\/p>\n<p style=\"text-align: justify\"><strong>Projeto ICT ENTREPRENEUR<\/strong> &#8211; A European University-Business Alliance aiming to foster the entrepreneurial spirit of ICT students, ERASMUS+ Strategic Partnerships Project Number \u2013 Agreement number: 2016-1-CY01-KA204-017335 (2014-2017). O ICT envolve 7 parceiros pertencentes aos seguintes pa\u00edses: Alemanha, Chipre, Espanha, Inglaterra e Portugal. Financiamento UBI 40 000 Euros, 2014-2017. Coordena\u00e7\u00e3o NECEUBI. Equipa: M\u00e1rio Raposo (Coordenador), Jo\u00e3o Ferreira, Arminda do Pa\u00e7o.<\/p>\n<p><a href=\"http:\/\/www.ictentrepreneur.com\/\">http:\/\/www.ictentrepreneur.com\/<\/a><\/p>\n<p><strong>Resultados em termos de valoriza\u00e7\u00e3o de conhecimento: Foi desenvolvidos os seguintes artigos:<\/strong><\/p>\n<ul style=\"list-style-type: circle\">\n<li style=\"text-align: justify\">Raposo M., Ferreira, J., &amp; Pa\u00e7o, A. (2016).Development of Entrepreneurship Education Programmes for HEI Students: The Lean Start-Up Approach, 6th Iberian Conference on Entrepreneurship, CIEM, 27-28, October, Coru\u00f1a, Spain [<span style=\"color: #808080\">Men\u00e7\u00e3o honrosa<\/span>].<\/li>\n<li style=\"text-align: justify\">Pa\u00e7o, A., Ferreira, J., Raposo, M. (2016). Development of entrepreneurship education programmes for HEI students: the lean start-up approach, Journal of Entrepreneurship Education, 19 (2): 39-52 [Indexed: SCOPUS].<\/li>\n<\/ul>\n<p>&nbsp;<\/p>\n<p style=\"text-align: justify\"><strong>Projeto SCIENT<\/strong> &#8211; A European University-Business Alliance aiming to foster young SCIEntist\u2019 ENTrepreneurial spirit, ERASMUS+ Strategic Partnerships (2015-2017). O projeto SCIENT pretende identificar o hiato existente entre os pa\u00edses do sul da Europa e do norte da Europa, pretendendo desenvolver um programa de acelera\u00e7\u00e3o para alunos de doutoramento das \u00e1reas de Ci\u00eancias, Tecnologia, Engenharia e Matem\u00e1tica. Considerando que o conhecimento cient\u00edfico est\u00e1 no \u00e2mago da Economia do conhecimento Europeu, o SCIENT foca-se no est\u00edmulo ao desenvolvimento de compet\u00eancias empresariais entre jovens cientistas. O SCIENT envolve 15 parceiros pertencentes aos seguintes pa\u00edses: Alemanha, Chipre, Espanha, It\u00e1lia, Inglaterra, Litu\u00e1nia, Malta e Portugal. O projeto teve in\u00edcio em 1\/janeiro de 2015 e termina a 1\/janeiro de 2018. Coordena\u00e7\u00e3o NECE-UBI. Equipa: M\u00e1rio Raposo (Coordeandor), Jo\u00e3o Ferreira, Arminda do Pa\u00e7o. http:\/\/www.euscient.eu\/<\/p>\n<p style=\"text-align: justify\"><strong>Resultados em termos de valoriza\u00e7\u00e3o de conhecimento: Foram desenvolvidos os seguintes artigos:<\/strong><\/p>\n<ul style=\"list-style-type: circle\">\n<li style=\"text-align: justify\">Raposo, M., Nave, A., Ferreira, J., Pa\u00e7o, A., &amp; Fernandes, C. (2018). What STEM students need? A vision from the different Entrepreneurship support institutions. XX eminario Luso Espa\u00f1ol de Econom\u00eda Empresarial. 8-9 November, Huelva, Spain.<\/li>\n<li style=\"text-align: justify\">Pa\u00e7o, A., Ferreira, J., Raposo, M., Nave, A., &amp; Fernandes, C. (2018). STEM Entrepreneurial Competencies and Skills of Graduates and Post-Graduates in EU Universities Context, CIEM Confer\u00eancia Ib\u00e9rica de Empreendedorismo, 15-16 November, Salamanca, Spain. [Best paper Award].<\/li>\n<\/ul>\n<ul>\n<li>Pa\u00e7o, A., Ferreira, J., Raposo, M. (2017) How To Foster Young Scientists\u2019 Entrepreneurial Spirit?, International Journal of Entrepreneurship, 21(1), 47-60. [Indexed: SCOPUS].<\/li>\n<\/ul>\n<p><strong>\u00a0<\/strong><\/p>\n<p style=\"text-align: justify\"><strong>Projeto GEM (Global Entrepreneurship Monitor)<\/strong> \u2013 O projeto envolve as regi\u00f5es Centro e Alentejo de Portugal e a Extremadura-Espanha. O projeto pretende incorporar de maneira exaustiva a perspetiva e o conhecimento de todas as pessoas que participam, colaboram e impulsionam a cria\u00e7\u00e3o de empresas, sendo imprescind\u00edvel a vis\u00e3o de Especialistas, relacionados com a \u00e1rea. Equipa: M\u00e1rio Raposo (Coordenador), Cristina Fernandes, Jo\u00e3o Ferreira e Maria Jos\u00e9 Silva.<\/p>\n<p><strong>Resultados em termos de valoriza\u00e7\u00e3o de conhecimento: Foram desenvolvidos os seguintes artigos:<\/strong><\/p>\n<ul style=\"list-style-type: circle\">\n<li style=\"text-align: justify\">Fernandes, C., Ferreira, J., Raposo, M., Sanchez, J., Hernandes-Sanchez, B. (2018).Determinants of entrepreneurial intentions: an international cross-border study.International Journal of Innovation Science, 10 (2):129-142. [Indexed: SCOPUS;ESCI -Emerging Sources Citation Index].<\/li>\n<li style=\"text-align: justify\">Fernandes, C., Ferreira, J., Raposo, M., Hern\u00e1ndez, R., Diaz-Casero, J. (2017). Knowledge and entrepreneurship creation: What is the connection?, World Journal of Entrepreneurship, Management and Sustainable Development, 13(1): 2-15. [Indexed: WoS &#8211; ESCI -Emerging Sources Citation Index; SCOPUS]<\/li>\n<\/ul>\n<p><strong>Projeto Entrepreneurship Development for the youth<\/strong> (Ref. TFMOZ07003) &#8211; United Nations (UN) Project \u2013 Entrepreneurship Curriculum Programme Impact Study &#8211; The Case of Mozambique (ano de 2013). A g\u00e9nese do Entrepreneurship Curriculum Programme faz parte do projecto das Na\u00e7\u00f5es Unidas &#8211; Entrepreneurship Development for the Youth, financiado pelo Governo Noruegu\u00eas e pelo Minist\u00e9rio da Educa\u00e7\u00e3o e Cultura de Mo\u00e7ambique. As Na\u00e7\u00f5es Unidas ajudaram o Governo de Mo\u00e7ambique a desenvolver um curr\u00edculo de empreendedorismo com os conte\u00fados, guias de professores, livros de texto, ferramentas para monitorizar e avaliar as linhas de orienta\u00e7\u00e3o. Conclu\u00edda a sua implementa\u00e7\u00e3o agora \u00e9 hora de avaliar o seu impacto. Equipa: Ricardo Rodrigues (Coordenador). Equipa: Anabela Dinis, Arminda do Pa\u00e7o, Jo\u00e3o Ferreira e M\u00e1rio Raposo, NECE \u2013UBI.<\/p>\n<p><strong>Resultados em termos de valoriza\u00e7\u00e3o de conhecimento: <\/strong><\/p>\n<ul style=\"list-style-type: circle\">\n<li>Foi produzido um Relat\u00f3rio a ser publicado pela ONU.<\/li>\n<\/ul>\n<p>&nbsp;<\/p>\n<p style=\"text-align: justify\"><strong>Projeto A\u00e7\u00f5es de Coopera\u00e7\u00e3o Transfronteiri\u00e7a para a Inova\u00e7\u00e3o e Oportunidades de <\/strong><strong>Neg\u00f3cio (ACTION) (entre 2009 a 2011). <\/strong>Projecto co-financiado pelo POCTEP \u2013 Programa de Coopera\u00e7\u00e3o Transfronteiri\u00e7a Espanha \u2013 Portugal, Eixo I \u2013 Coopera\u00e7\u00e3o e Gest\u00e3o Conjunta para ao Fomento da Competitividade e Promo\u00e7\u00e3o do Emprego. \u00c1rea de Coopera\u00e7\u00e3o \u2013 Centro\/Castela e Le\u00e3o. Pedido de Financiamento n.\u00ba 0307_ACTION_3_P. O projecto ACTION tem como principal objectivo a promo\u00e7\u00e3o da coopera\u00e7\u00e3o transfronteiri\u00e7a empresarial entre empresas dos clusters transportes\/log\u00edstica\/distribui\u00e7\u00e3o e agroalimentar\/ind\u00fastria, seus parceiros e entidades do sistema cient\u00edfico e tecnol\u00f3gico, potenciando a afirma\u00e7\u00e3o das regi\u00f5es como territ\u00f3rios de inova\u00e7\u00e3o http:\/\/www.projectoaction.com\/).<\/p>\n<p style=\"text-align: justify\"><strong>Resultados em termos de valoriza\u00e7\u00e3o de conhecimento:<\/strong><\/p>\n<p>At\u00e9 ao momento foram realizados dois Semin\u00e1rios:<\/p>\n<ul style=\"list-style-type: circle\">\n<li><strong>Semin\u00e1rio I<\/strong> &#8211; semin\u00e1rio inaugural do projecto ACTION que visou dar a conhecer o projecto ao tecido empresarial, para al\u00e9m de oferecer uma vis\u00e3o mais ampla sobre o panorama dos transportes\/log\u00edstica\/distribui\u00e7\u00e3o e agro-ind\u00fastria\/alimentar na regi\u00e3o Centro em Castela e Le\u00e3o. O semin\u00e1rio contou como orador convidado Prof. Augusto Mateus (Semin\u00e1rio realizado no dia 10 de Dezembro de 2009).<\/li>\n<li><strong>Semin\u00e1rio II<\/strong> &#8211; semin\u00e1rio com oradores internacionais convidados (Prof. Roel Rutten, da Tilburg University, Holanda; Prof. Roy\u00a0 Thurik \u2013 Erasmus School of Economics, Holanda e prof. Atila Varga &#8211; University of P\u00e9cs, Hungria), que visou dar a conhecer algumas das best pratices na tem\u00e1tica do projecto, que possam ter ocorrido na Europa, bem como o state of the art do conhecimento cient\u00edfico produzido sobre o tema. A confer\u00eancia destina-se aos experts envolvidos no projecto como tamb\u00e9m \u00e0s empresas da regi\u00e3o de fronteira, portuguesas e espanholas, pertencentes aos clusters em estudo (Semin\u00e1rio realizado no dia 16 de Julho de 2010).<\/li>\n<\/ul>\n<p style=\"text-align: justify\"><strong>Projeto Plano Estrat\u00e9gico da COMURBEIRAS<\/strong>.<\/p>\n<p style=\"text-align: justify\">Participou como membro da equipade consultores t\u00e9cnicos requisitado pela\u00a0 empresa Global Change para desenvolver o Plano Estrat\u00e9gico COMURBEIRAS (entre 2006 a 2007). Como membro desta equipa de trabalho teve de ajudar a definir os investimentos a realizar, com a candidatura \u00e0s verbas da Uni\u00e3o Europeia previstas no Quadro de Refer\u00eancia Estrat\u00e9gica Nacional (QREN). O plano tem um alcance de sete anos e divide os projectos em cinco eixos de interven\u00e7\u00e3o: patrim\u00f3nio hist\u00f3rico e turismo; produtos do territ\u00f3rio; posicionamento transfronteiri\u00e7o; inova\u00e7\u00e3o e competitividade e coes\u00e3o social e territorial.<\/p>\n<p style=\"text-align: justify\"><strong>Projeto CAIE (1\u00aa e 2\u00aa Edi\u00e7\u00e3o<\/strong>) \u2013 Centro de Apoio para o empreendedorismo e Inova\u00e7\u00e3o (entre 2005 &#8211; 2007), financiado pelo programa EQUAL e envolvendo diversas parcerias de diversas: PARKURBIS, ANIL; ANJE; AECBP; GLOBAL CHANGE; C\u00e2mara<\/p>\n<p style=\"text-align: justify\">Municipal da Covilh\u00e3, C\u00e2mara de Com\u00e9rcio Ind\u00fastria Luso-Alem\u00e3.<\/p>\n<p><strong>Resultados em termos de valoriza\u00e7\u00e3o de conhecimento:<\/strong><\/p>\n<p style=\"text-align: justify\">Foi elaborado o seguinte Manual: Raposo, M., Pa\u00e7o, A., Leit\u00e3o, D., Ferreira, J., Silva, M., Leit\u00e3o, J., Rodrigues, R. e Serrasqueiro, Z. (2004), Estudo das estrat\u00e9gias e iniciativas de consolida\u00e7\u00e3o e dinamiza\u00e7\u00e3o das rela\u00e7\u00f5es de coopera\u00e7\u00e3o entre a Universidade da Beira Interior e o tecido empresarial\/institucional da regi\u00e3o, visando refor\u00e7ar a inova\u00e7\u00e3o, o empreendedorismo e a competitividade, CCRC \u2013 Comiss\u00e3o de Coordena\u00e7\u00e3o e Desenvolvimento Regional, Dezembro, Coimbra.<\/p>\n<p style=\"text-align: justify\"><strong>Projeto de investiga\u00e7\u00e3o Aplication of the Institutional Economic Theory to the <\/strong><strong>Foundation of Emterprises: Comparative Empiric Analisis Extremadura<\/strong> <strong>\u2013 Beira Interior<\/strong>, projecto submetido e aprovado pelas Ac\u00e7\u00f5es Luso-Espanholas (entre 2005 a 2006), em parceria com a Universidade de Estramadura, coordenado pelo Prof. M\u00e1rio Raposo.<\/p>\n<p style=\"text-align: justify\"><strong>Resultados em termos de valoriza\u00e7\u00e3o de conhecimento<\/strong>: Dos principais resultados do estudo, resultou a seguinte publica\u00e7\u00e3o cient\u00edfica:<\/p>\n<ul style=\"list-style-type: circle\">\n<li>Casero, J., Ferreira, J., Mogoll\u00f3n, R. and Raposo, R. (2010) Influence of Institutional Environment on Entrepreneurial Intention: A Comparative Study of Two Countries University Students, International Entrepreneurship and Management Journal, DOI 10.1007\/s11365-009-0134-3 (Published online, December 15, 2009). [Indexed in ABS Academic Journal Quality Guide, Academic OneFile, Cabell&#8217;s, E-JEL, EconLit, Gale, Google Scholar, OCLC, PsycINFO,SCOPUS, Summon by Serial Solutions]. Springer Publisher.<\/li>\n<\/ul>\n<p style=\"text-align: justify\"><strong>Projeto de investiga\u00e7\u00e3o OBSEREGIO<\/strong> \u2013 Observat\u00f3rio Transfronteiri\u00e7o de Avalia\u00e7\u00e3o do Impacto das Universidades no Tecido Regional (entre 2004 a 2006), projecto em parceria com equipas da Universidade da Beira Interior e Universidade de \u00c9vora (em Portugal) e as Universidades de Estremadura e de Salamanca (em Espanha), coordenado pelo Prof. M\u00e1rio Raposo.<\/p>\n<p><strong>Resultados em termos de valoriza\u00e7\u00e3o de conhecimento<\/strong>:<\/p>\n<p style=\"text-align: justify\">Dos principais resultados do estudo, resultou as seguintes publica\u00e7\u00f5es:<\/p>\n<ul style=\"list-style-type: circle\">\n<li style=\"text-align: justify\">Raposo, M., Pa\u00e7o, A., Leit\u00e3o, D., Ferreira, J., Silva, M., Leit\u00e3o, J., Rodrigues, R. e Serrasqueiro, Z. (2006) Manual de Benchmarking para as Universidades: Instrumento de Refor\u00e7o da Competitividade e da Identidade Territorial, Publisher Team Ed. (ISBN: 978-989-601-035-5).<\/li>\n<li style=\"text-align: justify\">Raposo, M., Pa\u00e7o, A., Leit\u00e3o, D., Ferreira, J., Silva, M., Leit\u00e3o, J., Rodrigues, R. e Serrasqueiro, Z. (2005), Observat\u00f3rio Transfronteiri\u00e7o de Avalia\u00e7\u00e3o do Impacto das Universidades no Tecido Regional (OBSEREGIO), Universidade da Beira Interior, Covilh\u00e3.<\/li>\n<\/ul>\n<p><strong>Projeto de investiga\u00e7\u00e3o Plano Estrat\u00e9gico do Turismo da Serra Estrela (PETUR) <\/strong>(entre 2004-2006). Projecto desenvolvido no \u00e2mbito da Ac\u00e7\u00e3o Integrada AIBT \u2013 Serra da Estrela, coordenado pelo Prof. Pedro Guedes Carvalho.<\/p>\n<p><strong>Resultados em termos de valoriza\u00e7\u00e3o de conhecimento<\/strong>:<\/p>\n<p>Dos principais resultados do estudo, resultou a publica\u00e7\u00e3o do seguinte manual:<\/p>\n<ul style=\"list-style-type: circle\">\n<li style=\"text-align: justify\">Carvalho, P. G., Alves, H., Dinis, A., Ferreira, J., Vaz, M. e Castro, V. (2006) PETUR: Plano Estrat\u00e9gico para o Turismo da Serra da Estrela, Projecto desenvolvido no \u00e2mbito da Ac\u00e7\u00e3o Integrada AIBT \u2013 Serra da Estrela, Covilh\u00e3.<\/li>\n<\/ul>\n<p style=\"text-align: justify\"><strong>Projecto de investiga\u00e7\u00e3o ITV@2010<\/strong> \u2013 Construir as Novas Vantagens Competitivas (ano 2004) coordenado pelo CENESTAP e como co-parceiros a Universidade d Minho e a Kurt &amp; Salmon Associates.<\/p>\n<p style=\"text-align: justify\"><strong>Resultados em termos de valoriza\u00e7\u00e3o de conhecimento<\/strong>:<\/p>\n<p style=\"text-align: justify\">Dos principais resultados do estudo, resultaram as seguintes publica\u00e7\u00f5es:<\/p>\n<ul style=\"text-align: justify;list-style-type: circle\">\n<li>Raposo, M., Miguel, R., Alves, H., Ferreira, J. e Pa\u00e7o, A. (2004) Estudo ITV@2010: Construir as Novas Vantagens Competitivas, UBI, Setembro, 2004.<\/li>\n<li>Raposo, M., Alves, H., Ferreira, J. and Pa\u00e7o, A. (2004) Competitividade e Perspectivas Futuras da Ind\u00fastria T\u00eaxtil e do Vestu\u00e1rio Portuguesa, apresentado e publicado no VI Semin\u00e1rio Hispano-Luso de Economia Empresarial, Departamento de Direcci\u00f3n de Empresas y Marketing &#8211; University of Huelva \u2013 Spain, 18 and 19 November, 2004.<\/li>\n<li>Raposo, M., Alves, H., Ferreira, J. and Pa\u00e7o, A. (2005) An\u00e1lise do Potencial Competitivo e Medidas de Competitividade para a Ind\u00fastria da Confec\u00e7\u00e3o de Vestu\u00e1rio Portuguesa, apresentado e publicado nas XV Jornadas Hispano-Lusas de Gesti\u00f3n Cient\u00edfica \u2013 Ciudades en Compet\u00eancia, organizadas pelo Departamento de Administraci\u00f3n de Empresas y Marketing &#8211; University of Sevilla, 2 \u2013 4 February, 2005, Sevilla \u2013 Spain<\/li>\n<\/ul>\n<p style=\"text-align: justify\"><strong>Projeto de investiga\u00e7\u00e3o Estudo das estrat\u00e9gias e iniciativas de consolida\u00e7\u00e3o e <\/strong><strong>dinamiza\u00e7\u00e3o das rela\u00e7\u00f5es de coopera\u00e7\u00e3o entre a Universidade da Beira Interior e o <\/strong><strong>tecido empresarial\/institucional da regi\u00e3o,<\/strong> visando refor\u00e7ar a inova\u00e7\u00e3o, o Empreendedorismo e a competitividade\u201d (em 2004), promovido pela Comiss\u00e3o de Coordena\u00e7\u00e3o e Desenvolvimento Regional do Centro (CCDRC).<\/p>\n<p>&nbsp;<\/p>\n<p><strong>Projeto de investiga\u00e7\u00e3o Entrepreneurship: The Process of Growth of Small Firm<\/strong>, entre 2003 a 2005, desenvolvido dentro do centro de Investiga\u00e7\u00e3o NECE &#8211; N\u00facleo de Estudos em Ci\u00eancias Empresariais, DGE-UBI, Coordena\u00e7\u00e3o de M\u00e1rio Raposo.<\/p>\n<p>&nbsp;<\/p>\n<p><strong>Projeto de investiga\u00e7\u00e3o, no programa PRASD \u2013 Programa de Recupera\u00e7\u00e3o de \u00c1reas <\/strong><strong>e Sectores Deprimidos,<\/strong> em 2003, Minist\u00e9rio da Economia de Portugal, Coordena\u00e7\u00e3o de Daniel Bess.<\/p>\n<p>&nbsp;<\/p>\n<p style=\"text-align: justify\"><span style=\"font-family: 'Arial',sans-serif\"><span style=\"color: #000000;font-size: medium\">\u00a0<\/span><\/span><\/p>\n<p style=\"text-align: justify\">\n","protected":false},"excerpt":{"rendered":"<p>Projeto ALL-BIO. ERASMUS+ Project KA2: Cooperation for innovation and the exchange of good practices &#8211; Knowledge Alliances. Project Number: 600936-EPP-1-2018-1-PT-EPPKA2-KA (2019 \u2013 2021). O projeto BIO-ALL \u00e9 financiado na reflex\u00e3o sobre instrumentos de desenvolvimento de compet\u00eancias empreendedoras que n\u00e3o s\u00e3o efetivamente estruturados e inseridos nos curr\u00edculos de ensino de escolas e universidades, embora sejam especialmente &#8230; <a title=\"Projetos de investiga\u00e7\u00e3o\" class=\"read-more\" href=\"https:\/\/marioraposo.ubi.pt\/?page_id=135\" aria-label=\"Mais sobre Projetos de investiga\u00e7\u00e3o\">Ler mais<\/a><\/p>\n","protected":false},"author":3,"featured_media":0,"parent":0,"menu_order":0,"comment_status":"closed","ping_status":"closed","template":"","meta":[],"_links":{"self":[{"href":"https:\/\/marioraposo.ubi.pt\/index.php?rest_route=\/wp\/v2\/pages\/135"}],"collection":[{"href":"https:\/\/marioraposo.ubi.pt\/index.php?rest_route=\/wp\/v2\/pages"}],"about":[{"href":"https:\/\/marioraposo.ubi.pt\/index.php?rest_route=\/wp\/v2\/types\/page"}],"author":[{"embeddable":true,"href":"https:\/\/marioraposo.ubi.pt\/index.php?rest_route=\/wp\/v2\/users\/3"}],"replies":[{"embeddable":true,"href":"https:\/\/marioraposo.ubi.pt\/index.php?rest_route=%2Fwp%2Fv2%2Fcomments&post=135"}],"version-history":[{"count":34,"href":"https:\/\/marioraposo.ubi.pt\/index.php?rest_route=\/wp\/v2\/pages\/135\/revisions"}],"predecessor-version":[{"id":1010,"href":"https:\/\/marioraposo.ubi.pt\/index.php?rest_route=\/wp\/v2\/pages\/135\/revisions\/1010"}],"wp:attachment":[{"href":"https:\/\/marioraposo.ubi.pt\/index.php?rest_route=%2Fwp%2Fv2%2Fmedia&parent=135"}],"curies":[{"name":"wp","href":"https:\/\/api.w.org\/{rel}","templated":true}]}}